h - 9 = -1. Let u = h - 12. What is the remainder when 7 is divided by -2*5/u*2?
2
Let c be (6/18)/(1/6). Let x = c - -5. What is the remainder when 33864/1826 + 6/(-11) is divided by x?
4
Let h(b) = -25*b**2 - 227*b - 10. Let w be 408*(2 - (2 - -1)). What is the remainder when (-4)/(-6) - w/9 is divided by h(-9)?
6
Let j(o) = -o**2 - o + 9. Suppose -4*g + 4*m - 3*m - 153 = 0, 2*m = -g - 36. Let a = 72 + g. What is the remainder when a is divided by j(0)?
7
Let i(g) = 2*g**3 - 16*g**2 + 23*g + 11. Let y be i(6). Let h = 21 - 12. Calculate the remainder when y/(((-45)/306)/(-1)) is divided by h.
7
Let c(p) = -p**2 + 19*p + 1448. What is the remainder when c(45) is divided by 131?
16
Suppose 24525 - 7485 = 16*d. What is the remainder when d is divided by 97?
95
Suppose 4*x + 6 = -2*g, -9 = 5*x - 3*x + 3*g. Suppose -5*f + 288 + 572 = x. Suppose 5*r - 8 - f = 0. Calculate the remainder when r is divided by 19.
17
What is the remainder when 250 is divided by 20/(-4) + (28 - (-4 + -5))?
26
Let x be 2/3*126/(-28). Let l be -3*5/(-10)*26. Let n = x + l. Calculate the remainder when 143 is divided by n.
35
Suppose -5*y = -0 + 20, -a + 707 = 5*y. What is the remainder when a is divided by 3834/42 - (216/(-63))/(-12)?
90
Let k(t) = -2*t + 228. Let m be k(0). Let c = 272 - m. Let s = 317 - 186. What is the remainder when s is divided by c?
43
Suppose 13*y = 50 + 652. Suppose 0*m + 5*m - 775 = 0. Calculate the remainder when m is divided by y.
47
What is the remainder when 593 is divided by (-1323)/3528 + 1 + (-83)/(-8)?
10
What is the remainder when 111 is divided by (-7 - (-5 - (10 - -61))) + -8?
50
Let q(c) = 5*c**2 + 122*c - 664. Calculate the remainder when q(25) is divided by 37.
35
Suppose 129*k + 203 = 3944. Calculate the remainder when 1330 is divided by k.
25
Let g = -2605 + 2629. Calculate the remainder when 37 is divided by g.
13
Let g(l) = 8*l**2 + 3*l - 1. Let z be (-14)/(-5) + 12/(-15). Let r = -463 - -571. What is the remainder when r is divided by g(z)?
34
Let m be (21/6)/((-4)/8). Let x(s) = -2*s**3 - 2*s**2 - 5*s + 22. What is the remainder when x(m) is divided by 18?
15
Let c = 20 - 5. Suppose -251 = -8*h + 173. What is the remainder when h is divided by c?
8
Suppose -3584 = 3*v - 115*v. What is the remainder when 632 is divided by v?
24
Let i(y) = y**3 + 19*y**2 - 20*y + 11. Let a be i(-20). Suppose 0 = -3*z + 10 + a. Suppose -6*b = -z*b + 11. What is the remainder when 54 is divided by b?
10
Let k = -391 - -2787. Calculate the remainder when k is divided by 109.
107
Let u(x) = 13*x**2 - 279*x + 162. Calculate the remainder when 86 is divided by u(21).
14
Let m(p) = p**2 - 146*p + 1581. What is the remainder when 21501 is divided by m(11)?
93
Suppose -2*h = -4, 0*a + 5*h + 722 = a. Let f = -700 + a. Calculate the remainder when 115 is divided by f.
19
Let h(q) = 102*q - 2. Let k be h(-1). Let x = k + 107. Calculate the remainder when x is divided by 1.
0
Suppose 4*r = 4*l - 3156, -l + 459*r + 777 = 462*r. What is the remainder when l is divided by 252?
30
Suppose -36*w = 2*g - 26*w - 66, 0 = 4*w - 4. What is the remainder when 310 is divided by g?
2
Let h(j) = 12*j - 1. Let s be (-6)/10 + (-255)/75. Let r be h(s). Let k = -47 - r. Calculate the remainder when 6 is divided by k.
0
Let l(s) = -4*s + 29. Let t = 60 - 48. What is the remainder when l(-13) is divided by t?
9
Suppose -3*w = -2*c - 258, 2*w - 176 + 6 = 2*c. Let d = -5725 + 6515. Calculate the remainder when d is divided by w.
86
Let r = 4617 - 4178. Calculate the remainder when r is divided by 22.
21
Let c be -2 - 2/(-1) - (-33 + -1). Suppose c = 3*s - 512. Suppose -3*t - s = -5*m, -3*t = -2*m - 0*t + 80. What is the remainder when 169 is divided by m?
33
Suppose 15*x - 35 = 10*x. Suppose -5*c - 5*l = 20, 0 = -5*c + 8*c - l + 12. What is the remainder when (6/c - -1)/((-32)/2880) is divided by x?
3
Let x(u) = -60*u - 177. Calculate the remainder when x(-4) is divided by 46.
17
Let m = 3382 - 3169. Calculate the remainder when 216 is divided by m.
3
Suppose -5*a = 3*a. Let b be (a/2)/((-6)/6). Suppose -4*i + 2*h + 116 = 0, 35 = -b*i + i + h. Calculate the remainder when 121 is divided by i.
28
Suppose 3*g + 109 = -3*k + 415, 3*g = 2*k - 184. What is the remainder when k is divided by 66/(-9)*246/(-164)?
10
Let i(u) = -u**2 + 29*u - 78. What is the remainder when 4745 is divided by i(5)?
41
Suppose 5*x = 12*x - 14. Suppose -3*v + 141 = 3*g + x*g, -3*g - 4*v = -89. What is the remainder when 292 is divided by g?
22
Let w(b) = -2*b**2 + 86*b - 741. What is the remainder when 232 is divided by w(27)?
109
Calculate the remainder when 504 is divided by 825/50 + 2/4.
11
Suppose -152 = 3*x + 4*u - 858, -2*x + 452 = -2*u. Let h = 364819 + -364801. Calculate the remainder when x is divided by h.
14
Let z(v) = -v**2 - 29*v + 78. Let r be (-9)/(117/388) + 2/(-13). What is the remainder when z(r) is divided by 26?
22
Let u be 30/50 - (-6)/(-10). Suppose u = 17*h - 15*h - 74. Calculate the remainder when h is divided by 25.
12
Suppose h + 55*x - 60*x - 26 = 0, x - 30 = -3*h. What is the remainder when 551 is divided by h?
1
Let w(m) = -m**3 - 8*m - 27. Let q be w(-6). Suppose 5*k = 932 - q. Calculate the remainder when k is divided by 35.
34
Let t(b) = -172*b**3 - 14*b**2 - 7*b + 32*b - 181*b**3 - 8 + 354*b**3. What is the remainder when t(13) is divided by 14?
8
Let n = 54 + -33. Suppose 20*h - 311 - 769 = 0. What is the remainder when h is divided by n?
12
Suppose 0 = -a - 13 + 81. Calculate the remainder when a is divided by (140/15)/(8/12).
12
Suppose -y = -6*y - 2*k + 15, -y + 25 = -4*k. Suppose -15 + 0 = -5*o, -82 = -y*z - 4*o. Let g = 88 - 50. What is the remainder when g is divided by z?
10
Let g(x) = x**3 + 19*x**2 + 2*x + 20. Let a be g(-19). Let f = 2 - a. Suppose j - 54 = -b, 4*b - 27 - 24 = -j. Calculate the remainder when j is divided by f.
15
Let b = 76 - 124. Let s be (b/(-36))/(3/((-90)/(-4))). What is the remainder when ((-12)/30 - 26/s) + 104 is divided by 26?
23
Suppose -5*t + 5*i + 210 = 0, 3*t - i = -2*t + 230. What is the remainder when t is divided by (-2)/4*(-60 - -40)?
7
Let i = 558 - 224. Let w = i + -325. Calculate the remainder when 475 is divided by w.
7
Let y = 300 - 275. Suppose 5*l = -y, -3*v - 2*l = -8*v + 580. Calculate the remainder when v is divided by 39.
36
Suppose v = 3*u + 28, -5*v + 59 = -5*u - 91. Let k(n) = n**3 - 7*n**2 + 8*n - 6. What is the remainder when v is divided by k(6)?
1
Suppose 37*w - 136625 = 101100. What is the remainder when w is divided by 17?
16
Let l be (-1)/5 + (-21)/(-5). Suppose -x + 17*f + 40 = 16*f, l*f = -x + 25. What is the remainder when 93 is divided by x?
19
What is the remainder when 743 is divided by (718/8)/(51/408)?
25
Suppose 0 = s - 2*z - 183, 8*s - 3*s + 2*z - 975 = 0. Let c = -30 + s. What is the remainder when c is divided by 41?
40
Let r(h) = 9*h**2 - 36*h + 2. Let a be r(4). Suppose -i + 99 = 5*z, 0*i + 176 = a*i - z. Calculate the remainder when i is divided by 23.
20
Suppose -5*t = 5*g - 20, 6*g = 3*g + 2*t + 12. Suppose -u + 30 = -g*d, 2*u - 3*d = u + 25. What is the remainder when u is divided by (1*-9)/((-6)/4)?
4
Let u = -530 + 616. Suppose 94*g = u*g + 272. Calculate the remainder when 267 is divided by g.
29
Suppose -636*z - 945 = -657*z. What is the remainder when 1488 is divided by z?
3
Suppose 5*a = 220 - 25. Let l(g) = 75*g - 72. Suppose 3*i + 2*b = 3, -3 = 9*i - 6*i + 4*b. What is the remainder when l(i) is divided by a?
36
Suppose 6253 = 50*m + 5303. Suppose -3*b + 4*p = -99, 2*p + 21 - 212 = -5*b. Calculate the remainder when b is divided by m.
18
Suppose 0 = 74659*i - 74703*i + 738716. What is the remainder when i is divided by 115?
114
Let c(j) = 4388*j**2 + 2 - 4379*j**2 + 1 + 3*j. Calculate the remainder when 25 is divided by c(-1).
7
Let x(z) = -7*z - 6. Let a(l) = l**3 + 18*l**2 + 17*l - 1. Let y be a(-17). What is the remainder when 4/(y*6/(-129)) is divided by x(-4)?
20
Let t(c) = 57*c + 2924. What is the remainder when (30/4)/(-1)*-8 is divided by t(-51)?
9
Let s(i) be the first derivative of 2*i**3/3 + i**2/2 - 3*i + 10. Let g be s(-2). What is the remainder when 31 is divided by 3 - (1 + g*6/(-9))?
3
Suppose -70 = k + 4*b, -4*k = k - 4*b + 374. Let a = k - -20. Let m = a - -69. 